{"version":"1.0","provider_name":"Islander by Vibra Hotels","provider_url":"https:\/\/www.vibrahotels.com\/blog","author_name":"The Ibiza Blog","author_url":"https:\/\/www.vibrahotels.com\/blog\/author\/the-ibiza-blog\/","title":"Amnesia inaugura la mejor temporada de su historia - Islander by Vibra Hotels","type":"rich","width":600,"height":338,"html":"<blockquote class=\"wp-embedded-content\" data-secret=\"cHfWCRPpnG\"><a href=\"https:\/\/www.vibrahotels.com\/blog\/amnesia-inaugura-la-mejor-temporada-historia\/\">Amnesia inaugura la mejor temporada de su historia<\/a><\/blockquote><iframe sandbox=\"allow-scripts\" security=\"restricted\" src=\"https:\/\/www.vibrahotels.com\/blog\/amnesia-inaugura-la-mejor-temporada-historia\/embed\/#?secret=cHfWCRPpnG\" width=\"600\" height=\"338\" title=\"\u00abAmnesia inaugura la mejor temporada de su historia\u00bb \u2014 Islander by Vibra Hotels\" data-secret=\"cHfWCRPpnG\" frameborder=\"0\" marginwidth=\"0\" marginheight=\"0\" scrolling=\"no\" class=\"wp-embedded-content\"><\/iframe><script type=\"text\/javascript\">\n\/* <![CDATA[ *\/\n\/*! This file is auto-generated *\/\n!function(d,l){\"use strict\";l.querySelector&&d.addEventListener&&\"undefined\"!=typeof URL&&(d.wp=d.wp||{},d.wp.receiveEmbedMessage||(d.wp.receiveEmbedMessage=function(e){var t=e.data;if((t||t.secret||t.message||t.value)&&!\/[^a-zA-Z0-9]\/.test(t.secret)){for(var s,r,n,a=l.querySelectorAll('iframe[data-secret=\"'+t.secret+'\"]'),o=l.querySelectorAll('blockquote[data-secret=\"'+t.secret+'\"]'),c=new RegExp(\"^https?:$\",\"i\"),i=0;i<o.length;i++)o[i].style.display=\"none\";for(i=0;i<a.length;i++)s=a[i],e.source===s.contentWindow&&(s.removeAttribute(\"style\"),\"height\"===t.message?(1e3<(r=parseInt(t.value,10))?r=1e3:~~r<200&&(r=200),s.height=r):\"link\"===t.message&&(r=new URL(s.getAttribute(\"src\")),n=new URL(t.value),c.test(n.protocol))&&n.host===r.host&&l.activeElement===s&&(d.top.location.href=t.value))}},d.addEventListener(\"message\",d.wp.receiveEmbedMessage,!1),l.addEventListener(\"DOMContentLoaded\",function(){for(var e,t,s=l.querySelectorAll(\"iframe.wp-embedded-content\"),r=0;r<s.length;r++)(t=(e=s[r]).getAttribute(\"data-secret\"))||(t=Math.random().toString(36).substring(2,12),e.src+=\"#?secret=\"+t,e.setAttribute(\"data-secret\",t)),e.contentWindow.postMessage({message:\"ready\",secret:t},\"*\")},!1)))}(window,document);\n\/\/# sourceURL=https:\/\/www.vibrahotels.com\/blog\/wp-includes\/js\/wp-embed.min.js\n\/* ]]> *\/\n<\/script>\n","thumbnail_url":"https:\/\/www.vibrahotels.com\/blog\/wp-content\/uploads\/2017\/05\/10102016140026599342.jpg","thumbnail_width":850,"thumbnail_height":567,"description":"Cuenta atr\u00e1s para la fiesta m\u00e1s esperada por los amantes de la m\u00fasica electr\u00f3nica. Cumpliendo 43 a\u00f1os, Amnesia abrir\u00e1 sus puertas el pr\u00f3ximo 27 de mayo en la que presume ser\u00e1 la mejor temporada de su historia. Y no extra\u00f1a..."}

Cuenta atrás para la fiesta más esperada por los amantes de la música electrónica. Cumpliendo 43 años, Amnesia abrirá sus puertas el próximo 27 de mayo en la que presume será la mejor temporada de su historia. Y no extraña...
